4. Suppose o - 5*l - 32 = 0, 3*o - o + 2*l = 16. Suppose -o = -a - 2*a. Give i(a).
2
Let j(g) be the first derivative of 12*g**2 - 5 + 11*g**2 - 24*g**2. Let c = -21 + 16. Calculate j(c).
10
Let f(x) = 5*x**2 + 2*x + 1. Suppose -48*j = -57*j - 18. What is f(j)?
17
Suppose 0 = 5*n + 2*a + 31, n + 3*n + 5*a = -35. Let c(v) = 7*v**2 - 3*v + 15 - 8*v**2 - 11. Determine c(n).
-6
Let c(m) = 575*m - 1718*m + 582*m + 576*m - 5. Calculate c(-3).
-50
Suppose m + 13 = -2*q - 2*m, 0 = -5*q + 4*m - 90. Let x(w) = -w**3 - 15*w**2 - 15*w - 12. Calculate x(q).
2
Let z(c) = -4*c + 46. Let y be z(8). Let x(f) = f**3 - 13*f**2 - 14*f + 7. Calculate x(y).
7
Let m(o) be the first derivative of -o**2 + 7*o + 183. Give m(-9).
25
Let j(l) = 2*l**2 + l. Let b be (-56)/(-42) + (-22)/(-6). Let q be 3/(-9) - (-20)/6. Suppose -2 = -b*i + q*i. Determine j(i).
3
Let d(w) = 6*w**3 + 2*w**2 - 2*w + 1. Suppose -8*m + 3*m = 2*t + 26, -5*t - 11 = -m. Let u be (-11)/33*t*1. Determine d(u).
7
Let q(w) = -3*w + 9. Let r(i) = 2*i - 6. Let k(h) = -5*q(h) - 8*r(h). Suppose -6*x + 266 = x. Let l be x/(-14) - (6/(-7))/(-3). Determine k(l).
6
Let s(y) = 3*y**2 + 1 - 5*y**2 + 3800*y**3 - 3803*y**3. Determine s(-1).
2
Suppose -4*j = -k + 13, k + k = -4*j + 14. Let x(v) = -2*v - k - 4 + 6. Determine x(-7).
7
Suppose 2*b - 9 - 3 = 0. Let i(v) = -4*v**2 - 2*v - 1. Let u(c) = -11*c**2 - 4*c - 2. Let j(m) = -8*i(m) + 3*u(m). Give j(b).
-10
Let y(l) = 7*l + 12. Suppose -4*w = 19 + 5. Let q(s) = 2 + s - 1 + 0. Let b(g) = w*q(g) + y(g). Give b(0).
6
Let x(t) = -3*t**2 - 4*t + 1. Suppose 42*j - 6 = 44*j. Calculate x(j).
-14
Let i be 2 + -5 - 32/8*-1. Let g(c) = 11*c**3 + c - 1. Determine g(i).
11
Let o be 7/(105/(-6)) + (-126)/35. Suppose 2*h - 11 = -4*y + y, 4*y = -4*h + 20. Let w be (y/2)/(o/8). Let u(x) = -x**3 - 1. Determine u(w).
0
Suppose -8 = 28*x - 30*x. Let p(o) = 2*o - 8. Give p(x).
0
Let v(x) = x**3 + 4*x**2 - x - 4. Suppose -52 = -2*l + 3*a + 36, l + 5*a - 31 = 0. Let s = l - 29. Suppose -4*w = -4*d + s, 2*w - w + 2*d = -6. What is v(w)?
0
Let n(b) = -16 - 2*b**2 + b**2 - 7 + 16 - 3*b. What is n(-5)?
-17
Let h = -14 - -17. Suppose -4 + h = -k. Let a(v) = -30*v**3 + 11*v**2 - 5*v. Let p(l) = -6*l**3 + 2*l**2 - l. Let b(f) = -2*a(f) + 11*p(f). Calculate b(k).
-7
Let n = -3 - -15. Let c(h) be the first derivative of n + h + 3*h - 2*h**2 - 2*h. Give c(-2).
10
Let s be (5 - (-44)/(-8))/(2/(-252)). Let f = s + -68. Let x(a) be the third derivative of a**5/60 + 7*a**4/24 + a**3 + a**2. Calculate x(f).
-4
Let j(p) = p - 11. Suppose -3*u - 14 = 13. Let f = 5 - u. Let n be j(f). Let l(m) = m**2 - 6*m - 4. Calculate l(n).
-13
Let s = 299 + -312. Let r(h) = -h**2 - 13*h + 10. What is r(s)?
10
Let r be (2 + -3)/((-1)/2). Suppose -6*p + 43 + 35 = 0. Let b(m) = -m - p + 14 + r*m. Give b(4).
5
Let y(h) = -h + 13. Let l be y(10). Let q(f) = 2*f**2 + 2*f - 3. Calculate q(l).
21
Let x(c) = c + 10. Suppose 20 = -0*h - 5*h, 4*a - 20 = -5*h. Let k = 10 - a. What is x(k)?
10
Suppose 7 = 2*v + u, 0 = v - 0*u + 2*u + 1. Suppose -v*d + 128 = -d. Let q(r) = -12 + d - r**2 - 11. Give q(0).
9
Suppose -5*g - c + 4 = -22, -4*g - c + 21 = 0. Let d(k) = 886 - 432 - k - 449. Give d(g).
0
Let j(s) = -s**3 - 5*s**2 + 3*s + 6. Let k(g) = g**3 - 4*g**2 + 5*g - 6. Let w be k(2). Determine j(w).
-22
Let i(k) = 24 + 3*k - 26 - 2*k + 0*k + 0*k. Suppose 5*z - 38 = -3*t, t - 3*z - 2 = -2*z. What is i(t)?
4
Let s(u) = u**2 + u + 3. Let p(o) = -2*o + 18. Let j be p(8). Suppose -3*g + g = 2*k, 0 = -4*g - j*k. Calculate s(g).
3
Let b = 32 + -30. Let u(m) = -m**3 + 2*m + 1. Give u(b).
-3
Let s(q) = 3*q**2 + 4*q**2 + 4*q**2. Suppose 3*t + 7 = -5. Let c = t + 5. Calculate s(c).
11
Let c(r) = 3*r**3 - r - 1. Suppose -3*k - 1 = 2*v - 6, -4*k = -2*v - 16. Let p be (0/k)/(-5) - (0 - -1). Determine c(p).
-3
Let z = -487 - -484. Let l(s) = s**3 + 2*s**2 + s + 1. Calculate l(z).
-11
Suppose -m + 3 = 0, -5*i = 3*m - 58 + 14. Let s(z) = i + 2 - 2 - z + 0. Determine s(10).
-3
Let a(d) be the first derivative of -2*d**2 + 2*d - 102. Calculate a(-2).
10
Let g(v) = 12*v**2 + v. Let z = -32 + 43. Suppose -z*f + 11 = -0. Determine g(f).
13
Let m(f) = f**2 + 4*f - 1. Let y = -3 - 0. Let q be (15/9 + -3)*y. Suppose -4 = -q*g + 5*g. Calculate m(g).
-1
Let c = -15 - -19. Suppose -3*b + 0*b - 11 = -x, c*x - 5*b = 30. Suppose -x*o = -k + 18, o + 4 = -o + 2*k. Let d(g) = 2*g + 6. Calculate d(o).
-2
Let p(v) = 15*v**3 - v**2 + v + 1. Let q be 120/(-48) - (-6)/4. What is p(q)?
-16
Suppose -4*z + 12 = -12. Let w be -3 - z*(-12)/9. Suppose 0 + w = -5*n. Let o(r) = -21*r**3 - 2*r**2 - r. Determine o(n).
20
Let r = 2 - -19. Let k be (30/(-35))/(3/r). Let c(n) = n - 2. What is c(k)?
-8
Let b = -755 - -757. Let v(n) = 16*n**2 + 1. What is v(b)?
65
Let o(h) = -h**2 + 7*h - 2. Let g = -79 - -83. Suppose -7*n + 10*n = -4*u + 8, 3*n = g*u - 32. Give o(u).
8
Let s(c) be the third derivative of -c**5/60 - c**4/4 - 5*c**3/6 - 146*c**2. Give s(-6).
-5
Let v(r) = 25*r**2 + 13*r - 4. Let n(c) = 31*c**2 + 14*c - 4. Let g(o) = -4*n(o) + 5*v(o). Give g(-10).
6
Let w(r) = 8 + 3*r - 3 + 0*r + 10*r**3 - 11*r**3 - 3*r**2. Determine w(-3).
-4
Let d(v) = 13 - 338*v + 344*v - 4*v**2 + 3*v**2. What is d(6)?
13
Let r(f) = -6*f**2 + 8*f - 8. Let m(v) = 1. Let l(i) = 13*i**2 - 17*i + 12. Let j(q) = l(q) + 5*m(q). Let y(p) = -4*j(p) - 9*r(p). Determine y(3).
10
Suppose 13 = 3*t - 2. Let a(o) be the second derivative of o**4/12 - 4*o**3/3 + 3*o**2 - 3*o - 69. What is a(t)?
-9
Let l(k) = 0*k - 1 - 29*k**2 + 0*k + 59*k**2 - 65*k**2. Calculate l(1).
-36
Let b(l) be the first derivative of 0*l**3 - 9 + l - 19/4*l**4 + l**2. Determine b(-1).
18
Let h = -113 + 114. Let s(q) = 1201*q + 2 - h - 1197*q. Calculate s(-3).
-11
Suppose -3*p + 4*t = -4 + 1, 5*t + 27 = -4*p. Let y(a) = 5*a + 21. Give y(p).
6
Let s(n) = n**3 - 5*n**2 + 5*n - 1. Suppose -6 - 6 = 4*v. Let g(m) = m**3 + 4*m**2 + 3*m + 3. Let o be g(v). Let r = 1 + o. Determine s(r).
3
Let c(x) = 15*x**2 - 9*x - 11. Let g(a) = 8*a**2 - 5*a - 6. Let u = 158 - 152. Let w(i) = u*c(i) - 11*g(i). Calculate w(-1).
1
Let y(n) = 3*n**2 - n + 5. Let v(f) = 10*f**2 - 2*f + 16. Let d be ((-1 + 0)*-4)/(-28 + 30). Let r(q) = d*v(q) - 7*y(q). What is r(5)?
-13
Let l(b) = b**2 + b + 15. Let w(v) = -v**2 + 7*v. Let z be w(7). Calculate l(z).
15
Let w(r) be the third derivative of r**6/120 + r**5/60 + r**3/3 + 4*r**2 + 14. Determine w(0).
2
Suppose -13 = 3*h - 1. Let v be (-31)/(-3) - h/6. Suppose -5 = -3*n + 3*i + 4, i = 3*n - v. Let r(l) = -l**3 + 4*l**2 + 4*l - 4. Give r(n).
12
Let m be 0 + (-2)/(-1) + 0. Let s(c) = -3 + 138*c + 1 - 136*c. What is s(m)?
2
Suppose 361*t - 288 = 343*t. Let q(u) = -u**3 + 15*u**2 + 17*u - 11. What is q(t)?
5
Let p(l) = l + 3. Let o be (9/6 + -2)*-6. Suppose 0 = -3*w + 4*t - 19, -w = -3*w - o*t - 24. Let f be 6/w - 22/(-6). Determine p(f).
6
Let c(y) be the second derivative of y**3/3 - 6*y**2 - 7*y. Let k be c(8). Let x(z) = z**3 - 2*z**2 - 3*z - 4. Calculate x(k).
16
Let l(y) = 2*y - 4. Let n = 628 - 622. What is l(n)?
8
Let f be 2/(-4)*(-3 - -3). Let b(s) = -2*s - s**2 + f*s**2 + 2*s**2 - 6 + 8. Suppose 21 - 9 = 4*h - 2*m, -5*m = 3*h + 4. Calculate b(h).
2
Let l(a) = 18*a + 16. Let c(o) = -2*o. Let v(p) = 8*c(p) + l(p). Calculate v(-8).
0
Let z(k) = 6 - 8*k + 0 + 1 + 7*k. Calculate z(5).
2
Suppose -4*l = -20 - 0. Let n(v) be the third derivative of -1/120*v**6 + 0*v + 12*v**2 + 0 + 1/15*v**5 + 1/3*v**3 + 1/6*v**4. Give n(l).
-3
Let i(p) = 6*p**3 + p**2 - 7*p + 4. Let w(a) = -a**3 - a**2 - 1. Let u(l) = i(l) + 5*w(l). Suppose -30 = 20*t - 26*t. Calculate u(t).
-11
Let c(i) = -8*i**2 - 31*i + 7 + 12*i**3 + 6*i**3 + 4*i**3 + 24*i - 23*i**3. What is c(-7)?
7
Suppose -15 - 10 = -5*m. Let j(i) = 7*i - 6. Let v(y) = y**2 + 9*y + 24. Let w be v(-4). Let u(d) = -6*d + 5. Let b(o) = m*u(o) + w*j(o). Give b(-3).
7
Let q(f) be the third derivative of f**5/60 - f**3 - 66*f**2. Let r(u) = u - 8. Let g be r(8). Let v be g - 0*1/3. Give q(v).
-6
Let k(l) = -49 - 2*l**3 + l**3 - 8*l - l**3 + 46 + 17*l**2. Give k(8).
-3
Suppose -4*k = -3*s - 86, -2*s + 96 = 3*k + k. Let o = k - 17. Let m(p) = p**2 - 6*p + 5. Give m(o).
5
Let t(c) = 2*c - 1. Suppose 0 = -16*l + 6*l + 30. Suppose -2*d + 6*d = 8. Suppose -l*f + d*f - 6 = 0. Calculate t(f).
-